0 = 5*w, 2*w + 154 = h. What is the remainder when h is divided by (3 - 1)/(((-318)/(-477))/(11/3))?
8
Suppose -2*b + 54 = -2*f, -2*f = 5*b + 2*f - 99. What is the remainder when 77 is divided by b?
8
Suppose 20*f + 873 = 3*t + 25*f, 0 = 5*f - 15. What is the remainder when t is divided by 107?
72
Suppose 15 = 3*n + 3*x, 0*n - 3*n - 15 = -3*x. Let d(h) = h + 30 - 2*h - h + 2. Calculate the remainder when 95 is divided by d(n).
31
Let z = -4659 - -4670. Calculate the remainder when 189 is divided by z.
2
Suppose 17*j + 4*i = 14*j + 5715, 0 = -2*j + 4*i + 3810. Calculate the remainder when j is divided by 18.
15
Let a(b) = -43*b + 412. Let t be a(9). Let s = 22 + -1. Suppose t*g - 64 = s*g. Calculate the remainder when 30 is divided by g.
14
Let p be (-361)/(-4) + (-9)/(-12). Let y = p + -44. Let t = -276 - -289. What is the remainder when y is divided by t?
8
Suppose 3*y + 23 = 98. Suppose 9 = -y*i + 28*i. Calculate the remainder when i + 13 - 2*(-3)/(-3) is divided by 9.
5
Let g(q) = -184*q**3 - 3*q**2 + 14*q - 11. Let i(s) = -61*s**3 - s**2 + 5*s - 4. Let j(k) = -3*g(k) + 8*i(k). What is the remainder when j(1) is divided by 19?
7
Let s = -95 + 112. Suppose -5*f = -s*f + 492. What is the remainder when f is divided by 22?
19
Let g(j) = -1473*j - 7661. Calculate the remainder when g(-6) is divided by 32.
25
Let t be -443 - (-8 - -3 - 3). Let i = t - -449. Suppose -24 = -3*d + 2*d. What is the remainder when d is divided by i?
10
Let p be (18/27)/((-1)/18). What is the remainder when (-10140)/(-48) + 3/p is divided by 71?
69
Suppose 0 = -49*d + 44*d + 30. Let z(b) = b**3 + 5*b**2 + 3*b - 1. Let v be z(-4). Suppose -y = v*y - 40. Calculate the remainder when y is divided by d.
4
Let v = -17642 + 18180. Calculate the remainder when v is divided by 134.
2
Let a be 2/8 - 4968/(-96). Suppose -a = 7*x - 80. Calculate the remainder when 251 is divided by x.
3
Suppose -54*v + 3005 = -721. Calculate the remainder when 940 is divided by v.
43
Let n(a) = 3*a**3 + 11*a**2 + 8*a - 15. Let r be n(8). Suppose 0 = -80*l + 73*l + r. Calculate the remainder when l is divided by 83.
78
Let v = 189 - 188. Calculate the remainder when (-111 + 0)/(-1) - v/1 is divided by 19.
15
Let w(p) = 2*p**2 + 7*p + 32. Suppose -2*c + 426 = 3*x, -5*x = -5*c + 237 - 922. What is the remainder when x is divided by w(-6)?
16
Let t = -10629 + 11261. What is the remainder when t is divided by 25?
7
Suppose 3*h - 2*j = 3*j + 375, -4*h + 3*j + 500 = 0. Calculate the remainder when h is divided by 120.
5
Suppose 10*h + 92*h = 130 + 3746. What is the remainder when 117 is divided by h?
3
Suppose 0 = q - 4*k - 1311 + 1051, 3*k + 780 = 3*q. Calculate the remainder when q is divided by 38.
32
Let v = -7031 - -7660. What is the remainder when v is divided by 130?
109
Suppose 177*a = 171*a + 1866. Calculate the remainder when a is divided by 105.
101
Let d = -228 - 37. Let z = d - -186. Let u = z - -242. What is the remainder when u is divided by 55?
53
Suppose -653 - 267 = 5*x. Let p = -107 - x. Let b(z) = z**3 + 30*z**2 + 56*z + 16. Calculate the remainder when p is divided by b(-28).
13
Let o be 16/((-3)/21*-2). Let l = o - 38. Calculate the remainder when 127 is divided by 3/l + (-955)/(-30).
31
Suppose 5*m + 20*i - 15*i - 335 = 0, 0 = -m - 4*i + 58. Suppose 0 = 7*v - m - 49. Calculate the remainder when 577 is divided by v.
16
Calculate the remainder when 276 is divided by -3 + -3 + -3 + 1168/8.
2
Suppose -3*d = -5*m + 85, 3*m = 30*d - 25*d + 67. Let x(p) = 2*p**2 + 5*p - 279. Calculate the remainder when x(m) is divided by 8.
7
Suppose -68 = -5*b - m + 19, -b - 3*m = -9. What is the remainder when b is divided by 1 + -7 + 2 + 10?
0
Let q = -279 - -138. Calculate the remainder when (2 - 1)/(1 - 0) - q is divided by ((-18)/4)/(18/(-96)).
22
Calculate the remainder when 1946/4 + -18 + (1 + 2)/(-6) is divided by 21.
6
Suppose -976962 = -32*j + 1223650 - 774916. What is the remainder when j is divided by 12?
9
Let s(t) = 6*t + 92. Let r be s(-12). Suppose m = 2*z + 19, 4*m - z - 110 = -r. What is the remainder when 135 is divided by m?
20
Let k = -862 - -868. Suppose 4*d - g = 27, k*d - g = 4*d + 15. Calculate the remainder when 19 is divided by d.
1
Suppose -49*v + 502 = -37*v - 74. Calculate the remainder when 330 is divided by v.
42
Let z(w) = -w**2 - 161*w + 2088. What is the remainder when 1535 is divided by z(12)?
11
Let y(c) be the first derivative of c**4/4 + 13*c**3/3 - 3*c**2 - 12*c - 430. Suppose 2 = -a - 11. What is the remainder when y(a) is divided by 14?
10
Suppose 2*s = -4*z + 3*s + 385, 5*z + 5*s - 475 = 0. Let v = 68070 - 68059. Calculate the remainder when z is divided by v.
8
Let w be (-66)/(-48) + (-3)/8. Suppose -3*q + 6*i = 2*i - 157, 2*q - 106 = 3*i. Calculate the remainder when q is divided by w + 5 + 0 + 2.
7
Suppose -2*h = 5*k - 22, -88*h + 90*h - 20 = -4*k. Suppose -4*r = -3*l + h*l - 337, -4*l + 466 = -3*r. Calculate the remainder when l is divided by 27.
7
Let y = -620 + 908. Let l = 297 - y. Calculate the remainder when l is divided by -3*4/(-6)*2.
1
Suppose -336*t + 1184 = -3184. Calculate the remainder when (-4)/6 - 136/(-6) is divided by t.
9
Let i = 8100 + -8085. Let q = 430 + -301. Suppose 0 = -s - 2, -s = 5*k - 3*s - q. Calculate the remainder when k is divided by i.
10
Let n = 3 - -13. Suppose n*g + 307 - 1315 = 0. Suppose 7*h + 64 = 11*h. What is the remainder when g is divided by h?
15
Let x(t) = t**3 - 2*t**2 - 2*t - 1. Suppose -23583*i - 855 = -23648*i + 640. What is the remainder when i is divided by x(3)?
1
Suppose 22*m - 35778 = -21764. What is the remainder when m is divided by 98?
49
Let b(h) = h**3 + 5*h**2 + 4*h + 6. Suppose 6 = 6*n + 30. Let m(s) = 3*s**2 - 2*s + 2. What is the remainder when b(n) is divided by m(1)?
0
Let b be (-15)/15 + 3*1. Let o be b/3*(-57)/4*-2. Suppose l - o = -0*l. Calculate the remainder when 73 is divided by l.
16
Let g(w) = -11*w - 193. Let r be 1/((21/(-6) - -2)/27). What is the remainder when 583 is divided by g(r)?
3
Suppose 0 = -6169*j + 6160*j + 10584. What is the remainder when j is divided by 14?
0
Suppose 0 = -3*j - 2*j + 90. Let c be (125/10)/5 - (-210)/4. Suppose c - 11 = 11*d. What is the remainder when j is divided by d?
2
Let l = -12 - -26. Let o = l + -2. Suppose 2*b + 242 = 5*k - 49, -5*b - 226 = -4*k. Calculate the remainder when k is divided by o.
11
Let z be (-1 - -3)/(-2) - (-27 + 3). Suppose -z*t = -27*t + 48. Calculate the remainder when 24 is divided by t.
0
Suppose 0 = -148*l + 149*l - 4*v - 863, v = 4. What is the remainder when 2646 is divided by l?
9
Calculate the remainder when -4 + -1 + 1232/22 is divided by 2*(-6)/30 - (-274)/10.
24
Suppose 23 - 223 = 5*n. Let z = n + 52. What is the remainder when 72 is divided by (-40)/z*(-45)/6?
22
Let l be 4/40*-12*(-10)/2. Suppose 3*c = -l*c + 396. What is the remainder when 259 is divided by c?
39
Calculate the remainder when 343 is divided by 13/(117/495) + 4/(-4).
19
Suppose 0 = -19*a + a - 234. Let b = 37 + a. What is the remainder when b is divided by 14?
10
Suppose 50*v = 45*v + 280. Calculate the remainder when (-3155)/(-40) + 7/v is divided by 41.
38
Let o(n) = n**3 - 19*n**2 + 139*n - 17. Calculate the remainder when o(12) is divided by 65.
58
Suppose 0 = -5*n - 20, 4*l + 5*n - 952 = 3*n. Suppose 105 = l*x - 235*x. Calculate the remainder when 102 is divided by x.
18
Let g(i) = 92*i - 2244. Calculate the remainder when 3596 is divided by g(27).
236
Suppose -4*f = 76 + 240. Let n = f - -125. Suppose 0 = -z + 14 + n. Calculate the remainder when z is divided by 31.
29
Let f(v) = -16*v + 516. Calculate the remainder when 557 is divided by f(29).
37
Suppose -3*f = -4*j - 479, f - 32*j = -29*j + 158. What is the remainder when f is divided by 81?
80
Let q = 9569 - 9443. Calculate the remainder when 614 is divided by q.
110
Let r be 4/(-12)*0*(-1)/(-2). Suppose 11*i - 10*i - 2*q - 84 = r, 0 = 3*i + 4*q - 292. Calculate the remainder when i is divided by 3.
2
Let m(s) be the first derivative of -2*s**2 - 17*s + 3. Let w be m(-11). Let y = -24 + w. What is the remainder when 8 is divided by y?
2
Let v be (-34)/7 - (-344)/(-301). Let c(a) = -4*a**3 - 21*a**2 - 4*a - 11. What is the remainder when 476 is divided by c(v)?
113
Suppose -14*f - 716